= 6*u**2 - 3*u - 5 + 3 - u**2 - 2*u**2. Give q(3).
16
Let g = -11 + 18. Suppose -2*w - 8 = -0*n + 5*n, -g = 5*n + 3*w. Let u(p) = -p - 1. Let r(h) = 2*h + 4. Let k(j) = -r(j) - 3*u(j). What is k(n)?
-3
Let r(t) = -3*t**2 + t + 1. Let v be r(-1). Let k(d) = 5*d**2 + 15*d + 6. What is k(v)?
6
Let v = 11 - 7. Suppose v*q + 20 = -4. Let s(t) = 5*t**3 + 5*t + 1. Let p(n) = -11*n**3 - n**2 - 11*n - 3. Let j(h) = 6*p(h) + 13*s(h). Give j(q).
1
Let m(z) = z**3 - 6*z**2 + 9*z + 3. Let q be m(4). Let c be q/(35/15)*1. Let n(x) = 2*x**2 - 4*x + 2. What is n(c)?
8
Suppose -2*h + 17 - 19 = 0, -t + 9 = -2*h. Let y(v) = -3*v + 23. What is y(t)?
2
Let k(a) = -2*a**2 + 44*a - 51. Let l(b) = b**2 - 23*b + 27. Let g(q) = 6*k(q) + 11*l(q). Give g(10).
1
Let k be 3 + -5 + (5 - 1). Suppose -8 = -k*l - 2*l. Let y(m) = -1 - l*m + 2*m - 6*m. What is y(-2)?
11
Let z(a) = 1. Suppose 0 = w - 6 + 3. Let i(o) = -2 - o**w + 4*o**2 - 3*o**2 + 0*o**2 - 8*o**2. Let g(q) = i(q) + 5*z(q). What is g(-7)?
3
Let c(w) = w**2 - 8*w + 9. Let s(g) = g**2 - 13*g. Let r be s(4). Let p = r + 43. Calculate c(p).
2
Let k = -260 + 257. Let u(o) = -o**2 - 6*o - 3. Determine u(k).
6
Let b(v) = v - 1. Let r be 2 - -1*(-8 + (8 - 4)). What is b(r)?
-3
Let k(f) = -2*f. Let b = 0 + 35. Suppose z - b = 8*z. Give k(z).
10
Suppose 4 = -5*t - 51. Let p be 1/(3 - t/(-4)). Let a(j) be the first derivative of -j**2/2 - 1. What is a(p)?
-4
Let i(u) = -14 - 13*u + u**3 + 13*u**2 + 17*u - 19*u. Give i(-14).
0
Let j(c) be the first derivative of -1/4*c**4 + 10/3*c**3 + 0*c**2 + 19 + 3*c. Determine j(10).
3
Let i(j) be the first derivative of j**2/2 - j + 1. Let n = -173 - -167. Let l = 0 - n. Give i(l).
5
Let p(i) be the first derivative of -3*i**2/2 - 2*i + 3. Let n be (-18)/4*(-36)/(-54). Let d be -4 - (n - 2/(-2)). Give p(d).
4
Let o(k) = k**3 - 5*k**2 + 6*k - 5. Suppose -11*z - 156 = -24*z. Let p = 16 - z. Calculate o(p).
3
Let y(i) = -13*i - 2. Let s(a) = a**2 - a - 32. Let v be s(-5). Determine y(v).
24
Suppose 0 = 2*i - 10, 4*v + 3*i - 4*i + 37 = 0. Let h(x) = x**3 + 7*x**2 - 8*x - 1. What is h(v)?
-1
Let o(u) = -25*u + 17. Let d(c) = 5*c - 4. Let q(s) = -11*d(s) - 2*o(s). Calculate q(4).
-10
Suppose -3*z + 6*z - 21 = 0. Let v(l) = -l**2 + 10*l + 7. Let u(d) = 3*d**2 - 31*d - 20. Let m(p) = z*v(p) + 2*u(p). Give m(8).
9
Suppose -5*z + 4*u + 22 = 0, 15 - 6 = -3*u. Let q(n) = n - 1 + 2 - z. Determine q(-2).
-3
Let s(a) be the third derivative of -4*a**2 + 0*a + 1/12*a**4 - a**3 + 0. Determine s(4).
2
Let m(a) = a + 9. Suppose -2*r + 1 = -3*w, 0 = 2*r + 7 + 1. What is m(w)?
6
Let n = -28 - 10. Let b = 32 + n. Let z(c) = -5*c**2 - 31*c + 25. Let q(f) = f**2 + 6*f - 5. Let k(x) = 11*q(x) + 2*z(x). What is k(b)?
7
Suppose 35 = -3*m + m + 5*u, 20 = -5*m - u. Let s(y) = 22 - y - 16 + 2*y. Determine s(m).
1
Let a(p) = p**2 - 26*p + 3. Let b be a(26). Let d(h) be the first derivative of 2*h**2 - 3*h - 1. Give d(b).
9
Let o(w) be the third derivative of 1/6*w**4 + 0 - 2*w**2 - 1/6*w**3 + 0*w. Determine o(2).
7
Suppose 4*n = -4*c - c + 22, 3*n = c + 7. Let q(s) = 34*s**2 + 6 + 39*s**c - 7*s - 74*s**2. Calculate q(-9).
-12
Let g(n) = -n. Let o(p) = -9*p. Let s(f) = -51*g(f) + 6*o(f). Suppose 0 = 2*i - 10, -d = -2*d - i + 8. Let j(x) = 2*x. Let k(r) = d*s(r) + 4*j(r). Give k(-6).
6
Let m(p) = -4 - 13*p + 11*p + 6 + 5. Give m(9).
-11
Let g = 32 + -30. Let v(t) be the first derivative of -1/2*t**2 - 3 + g*t. Determine v(6).
-4
Let j(p) = -140*p + 119. Let b(s) = -s**2 - 3*s - 6. Let f be b(-3). Let l(z) = 7*z - 6. Let m(x) = f*j(x) - 119*l(x). Calculate m(-1).
-7
Let x(p) = 2*p + 4 + 3*p + 3*p + 8*p**2 + 0*p + p**3. Give x(-6).
28
Suppose -14 = -5*n - 4. Let y(h) = 2*h**2 - 2*h - 1. Let b be y(n). Suppose 0 = b*p + 2*p + 15, 5*p = -5*f - 50. Let w(k) = k + 6. Calculate w(f).
-1
Let l(n) = n**3 + 8*n**2 + 13*n + 7. Suppose -u = 20 - 14. Determine l(u).
1
Let w(g) = 13*g + 459. Let n be w(-35). Let b(r) = r**3 - 3*r**2 + 5*r - 3. Calculate b(n).
33
Let u(s) = 30*s - 1. Let n = -247 + 246. What is u(n)?
-31
Let k(d) = 5*d + 23. Let l(a) = 3*a + 2 + 11 + 5 - 4 + 1. Suppose 0 = -2*r + 2*v + 2, -2*v + 10 + 13 = 3*r. Let f(x) = r*k(x) - 8*l(x). Give f(-6).
-11
Let j(s) = -7 + 0*s**3 - 12 + 20 + 2*s**3 - s**3. Let q = 1 + -2. Determine j(q).
0
Let i = 2 + 7. Let m be (-12)/i*45/(-20). Let z(u) = -2*u + m*u - u + 2*u. Give z(3).
6
Let k(m) = 14*m**3 + 3*m**2 + 3*m - 3. Let c(l) = 14*l**3 + 4*l**2 + 4*l - 4. Let w(f) = -2*c(f) + 3*k(f). Give w(1).
15
Let j(g) be the third derivative of g**5/20 - g**4/3 + 3*g**3/2 - g**2 + 112. Give j(3).
12
Let r(d) = 5*d**2 - 2*d + 4. Let m(v) = v**2 - 2*v - 1. Let h(w) = 4*m(w) - r(w). What is h(-5)?
-3
Let v(k) = -k + 4. Let m(f) = -3*f + 11. Let g(n) = 6*m(n) - 17*v(n). Let o be 1*(1 + (1 - 3)). Let s(z) = z - 4. Let w be s(o). Give g(w).
3
Let y(l) = 2*l**2 - 2*l + 2. Let j = 1970 - 1969. Determine y(j).
2
Let n = 5 - 4. Let k be -2 - (n + 3 + -4). Let i(u) be the third derivative of u**6/120 - u**4/8 - u**3/3 - u**2 - 4*u. What is i(k)?
-4
Let f(d) = d**2 - 1. Let w(r) be the first derivative of r**3/3 + 7*r**2/2 - 7*r - 57. Let x(z) = -2*f(z) + w(z). Calculate x(7).
-5
Let o(s) be the second derivative of s**4/6 - 5*s**3/3 + s**2 + 13*s. Let m(l) = -3*l**2 + 19*l - 3. Let v(w) = 3*m(w) + 5*o(w). What is v(-7)?
1
Let l(x) = 2*x + 5. Let z(m) = 5*m + 8. Let d be z(-3). Determine l(d).
-9
Let y be (-190)/(-152) - (-2 - -1)/(-4). Let v(b) = -5 + 2 - 2*b + 3 + y - b**2. Give v(-3).
-2
Let b = 161 + -159. Let k(d) = -65*d**3 - 8*d + 6*d**b - 58*d**3 + 124*d**3 - 4. Determine k(-7).
3
Suppose -4*h + 2*h = -26. Suppose h = -5*r + 4*j, -1 + 0 = -3*r - 2*j. Let n be (-10)/5 - (-2 + r). Let q(k) = -2*k + 1. Calculate q(n).
-1
Let y be (3 - -2)/(1 - 2). Let p(v) = 4*v + 10*v - 2 - 13*v + 2*v. What is p(y)?
-17
Let a(s) = s - 12. Suppose -i + 34 = 4*v, -2*v = -5*v + 3*i + 33. Give a(v).
-3
Let t(w) = 0*w**3 - 19*w - 1 + 13 + 21*w**2 - 6 - w**3 - 29. Determine t(20).
-3
Suppose -4*s - 47 = -5*h, 2*h - 18 = -3*s + 5*s. Let a(w) = 2*w - 26. Let u be a(h). Let k(f) = -f**3 - 5*f**2 + 5. Determine k(u).
-11
Let a(j) = j**2 + 4*j - 3. Let q be a(-5). Suppose k - 3 = q*k. Let d(r) = -3 + 3*r + 62 - 58. What is d(k)?
-8
Let g(x) = -45 + 26 + 4*x + 30. Determine g(-9).
-25
Let l(w) be the second derivative of -1/20*w**5 + 22*w + 0 - 2/3*w**3 + 0*w**2 + 7/12*w**4. Calculate l(6).
12
Suppose 2*k - 14 = -0*p - 3*p, -3*p - 10 = -4*k. Let n(d) = -d**p - d - 2*d**2 + 1 + 2*d**2 - 3*d. What is n(-4)?
1
Let b(i) be the second derivative of i**4/8 - 5*i**3/6 + 5*i**2/2 - 10*i. Let d(z) be the first derivative of b(z). Determine d(4).
7
Let c(x) = 3*x + 2*x**2 + 5*x**2 - 7*x**3 + 5 + 7*x**2 - 4. Let t(d) = 4*d**3 - 7*d**2 - 2*d. Let s(a) = -3*c(a) - 5*t(a). Calculate s(7).
4
Let h(o) = -o**3 - 8*o**2 - 38*o - 154. Let k be h(-6). Let d(g) = -g**3 - 5*g + 9. Calculate d(k).
-9
Let a = 3 - -3. Let f(n) = 5*n - 13. Let o(d) = -7*d + 18. Let i(c) = 4*f(c) + 3*o(c). What is i(a)?
-4
Let q(t) = t - 1. Let r be q(3). Suppose 3*d - 4*j = 22, 0*d - r*d - j + 11 = 0. Let c(f) be the second derivative of -f**3/6 + 3*f**2 + 46*f. Calculate c(d).
0
Suppose 6 = -3*y - 3. Let x(p) = -p - 3. Let f(v) = 0 + 4 - 2. Let z(a) = y*x(a) - 4*f(a). Determine z(-1).
-2
Let w(r) = -r**3 + 4*r**2 - 27*r + 114. Let z be w(4). Let i(n) = -2*n + 14. Calculate i(z).
2
Suppose -2*d - 2 = -3*d. Let p(u) = -2*u + u + 0*u - d*u**3. Let j be (-1)/3 + (-130)/195. Calculate p(j).
3
Let t(r) be the second derivative of r**4/4 + 7*r**3/6 + 3*r**2/2 + 2*r + 60. Give t(-5).
43
Let w(d) be the third derivative of d**6/120 + 2*d**5/15 + 7*d**4/24 + 7*d**3/6 + 67*d**2. Suppose 38 = -5*h + h + 2*g, 2*g + 25 = -5*h. Calculate w(h).
7
Let h(u) = u**2 + 6*u - 6. Let s = 496 - 503. Give h(s).
1
Let i(k) be the second derivative of k**4/12 + k**3 + 3*k**2/2 + 2*k. Let q(a) = a**3 + 15*a**2 - 11*a + 76. Let z be q(-16). Calculate i(z).
-5
Let h(n) be the third derivative of n**6/120 + 3*n**5/10 - n**4/8 - 28*n**3/3 + 3*n**2 + 24. What is h(-18)?
-2
Let s be 2/3*(-30)/(-4). Let n(c) = -4*c**2 - 7*c + 1. Let v(o) = 5*o**2 + 8*o - 1. Let t(g) = s*v(g) + 6*n(g). What is t(2)?
1
Let a(p) be the second derivative of 2*p**3/3 - 21*p**2/2 + 167*p. What is a(6)?
3
Let m be 